5 (base 7) to base 12.
157aba3
What is -110500 (base 9) in base 16?
-101df
-3003021231 (base 4) to base 15
-10bc96
-1636851 (base 9) to base 15
-12eb91
Convert 3957538 (base 11) to base 14.
ca3538
20022200022 (base 3) to base 4
132120020
Convert -24230403 (base 5) to base 8.
-673242
Convert -1032003 (base 5) to base 6.
-214105
What is 111100110001010001 (base 2) in base 9?
418400
83a3 (base 13) to base 6
220200
Convert 21164f (base 16) to base 3.
11002011111002
Convert 185399 (base 14) to base 9.
1550125
What is 14747a (base 14) in base 13?
1bbb77
342113 (base 5) to base 7
50306
112333032101 (base 4) to base 5
3020314004
What is -78073a (base 11) in base 7?
-13404555
What is 110011011000011 (base 2) in base 4?
12123003
11865a (base 12) to base 9
473017
What is -957bb (base 15) in base 7?
-4013441
What is 43351440 (base 6) in base 15?
1a72d9
Convert -12414235 (base 6) to base 2.
-1100011010001001111
Convert -4541144 (base 6) to base 15.
-4867d
What is -1000011110100000101 (base 2) in base 12?
-1148b1
-1125223 (base 6) to base 11
-3a7a1
-3998 (base 12) to base 11
-4a57
-5c1b6 (base 13) to base 12
-820bb
Convert -1111101110000001011111 (base 2) to base 5.
-2023330141
300021 (base 4) to base 2
110000001001
-1011002221220211 (base 3) to base 13
-356b300
Convert -10b9ad (base 15) to base 6.
-25041344
Convert -121340323 (base 5) to base 3.
-1002012000102
What is -325302 (base 9) in base 15?
-3c7de
-203032414 (base 5) to base 11
-517952
What is -4a690 (base 11) in base 5?
-4311244
What is -119587 (base 12) in base 15?
-59acd
What is 45712 (base 8) in base 11?
13639
What is -114665162 (base 7) in base 11?
-4061483
What is -2a3f5 (base 16) in base 2?
-101010001111110101
What is -9d0c77 (base 14) in base 11?
-301980a
Convert 20123610 (base 7) to base 2.
110010111101110001001
What is 2201c (base 15) in base 14?
2b523
8d0806 (base 15) to base 7
111150240
Convert 31242022 (base 5) to base 11.
167666
-6628953 (base 10) to base 5
-3144111303
-d8715 (base 14) to base 13
-153c28
Convert 22085 (base 12) to base 10.
45029
-13436b6 (base 12) to base 11
-2180261
What is -1044593 (base 11) in base 8?
-7002174
What is 11110100000011111010 (base 2) in base 5?
223442144
1010010100011011 (base 2) to base 7
234141
What is -19a75b (base 13) in base 16?
-9f133
What is 21123001012 (base 4) in base 12?
9b145a
Convert -1640500 (base 7) to base 6.
-4521044
Convert -7122668 (base 10) to base 11.
-4025403
What is -40211220 (base 6) in base 7?
-12443361
What is -212211011 (base 4) in base 5?
-20024041
Convert 12922c (base 14) to base 16.
9c328
Convert 115614 (base 16) to base 11.
706672
Convert -935879 (base 15) to base 8.
-32561557
What is 33243133 (base 5) in base 4?
1012321302
-135051421 (base 6) to base 12
-b10b71
Convert 10100101110001001111 (base 2) to base 5.
133211431
What is 3023305 (base 6) in base 11?
98752
What is -16620145 (base 8) in base 4?
-32302001211
-20202010120201 (base 3) to base 11
-2029446
2210010102 (base 3) to base 7
315446
Convert 311707 (base 9) to base 13.
66298
What is -249a54 (base 14) in base 9?
-2323862
97930 (base 11) to base 15
2c208
Convert -21013322213 (base 4) to base 7.
-26220641
Convert 14573 (base 13) to base 6.
453132
-123205 (base 14) to base 13
-18a910
3328017 (base 9) to base 4
12311013220
Convert 3200220313 (base 5) to base 2.
11001010111000110010000
Convert -1024209 (base 13) to base 4.
-102222212022
-4510520 (base 6) to base 14
-5ca1a
Convert 4401a2 (base 11) to base 10.
703001
-b43ba2 (base 12) to base 6
-140331522
What is -11433321 (base 7) in base 4?
-3320033232
664868 (base 9) to base 12
171ab2
What is -1c164 (base 13) in base 2?
-1101011110001000
559ab3 (base 13) to base 5
1004132004
What is -2b12e (base 15) in base 8?
-416624
Convert -a07889 (base 12) to base 14.
-49198d
Convert -dbda (base 16) to base 6.
-1112322
Convert -1340231 (base 8) to base 5.
-44030420
Convert 93c5b8 (base 13) to base 4.
31023123120
-526541 (base 7) to base 11
-62551
Convert -a6987 (base 13) to base 8.
-1112610
Convert -815734 (base 9) to base 14.
-c8140
c57035 (base 13) to base 14
881572
Convert 2425160 (base 11) to base 15.
5865d5
What is -9cb4a (base 13) in base 12?
-11915a
Convert a277 (base 15) to base 3.
1202001211
Convert 1254313 (base 7) to base 6.
3310541
69738 (base 10) to base 6
1254510
-240041013 (base 5) to base 12
-44a593
Convert -471073 (base 9) to base 4.
-1011010212
Convert 1223300 (base 5) to base 6.
301051
What is -50a71 (base 12) in base 8?
-315365
Convert -528a7 (base 14) to base 15.
-3e0a8
Convert -2040540 (base 7) to base 14.
-654c7
-230392 (base 10) to base 16
-383f8
213001003 (base 4) to base 10
159811
What is -b7642b (base 12) in base 6?
-142002455
What is -3b891b (base 12) in base 3?
-1212021122212
Convert -1113130 (base 5) to base 15.
-5ce5
What is 231112441 (base 5) in base 6?
34105215
What is -49876 (base 11) in base 16?
-117aa
-1200033332 (base 4) to base 10
-394238
What is 33956 (base 14) in base 12?
60634
1332320032 (base 4) to base 3
222101212221
-84307 (base 10) to base 14
-22a1d
452131530 (base 6) to base 15
ac6909
Convert 20030124 (base 5) to base 15.
31ce4
225025512 (base 6) to base 7
50220221
What is -13425544 (base 8) in base 3?
-12200201120100
1100101110011110100111 (base 2) to base 16
32e7a7
-1779c (base 14) to base 13
-20bba
What is -1da822 (base 14) in base 15?
-160dea
-135b8 (base 12) to base 2
-110100010011100
What is -160160 (base 11) in base 16?
-3ccfc
Convert 111bac (base 13) to base 2.
1100010101001010100
-1049443 (base 13) to base 9
-10301871
Convert 128643 (base 11) to base 4.
301100122
4214322 (base 9) to base 3
11020111100202
What is 1010201200212 (base 3) in base 6?
20544122
What is 43302434 (base 6) in base 4?
10321120312
What is 178279 (base 13) in base 16?
8fdb2
-15430a (base 16) to base 10
-1393418
What is -102000002202 (base 4) in base 14?
-8ab93c
Convert -3113343 (base 6) to base 11.
-a2623
Convert 33779 (base 12) to base 5.
4142433
-4b4c7 (base 16) to base 4
-1023103013
What is -31605241 (base 7) in base 16?
-290f92
Convert -10321719 (base 10) to base 4.
-213113330313
-490063 (base 11) to base 12
-315122
-10402174 (base 9) to base 2
-10011001001110001100011
37221 (base 12) to base 8
221571
What is -100957 (base 11) in base 7?
-1243615
What is -1cc918 (base 16) in base 14?
-3716d2
What is 1340233233 (base 5) in base 13?
9386c2
340313 (base 7) to base 4
32230112
-14000004 (base 6) to base 2
-1110001111010000100
Convert 6894a5 (base 12) to base 4.
12120331331
11c05 (base 13) to base 11
22700
Convert -10011001110101011 (base 2) to base 12.
-396b7
What is -12270b8 (base 14) in base 8?
-41142712
Convert 1756003 (base 8) to base 9.
864485
What is -310001233 (base 4) in base 15?
-4321d
185336 (base 16) to base 7
16356500
-2132220330 (base 4) to base 13
-1999b9
23302237 (base 8) to base 9
10502672
Convert -4431 (base 15) to base 2.
-11100001101110
-163447 (base 10) to base 13
-5951b
Convert 81bda (base 14) to base 2.
1001100010001100100
What is cf0f0 (base 16) in base 3?
1121002101120
Convert -3043251 (base 6) to base 13.
-51544
Convert -4726a4 (base 12) to base 11.
-712220
Convert -12021222201011 (base 3) to base 12.
-b388a1
Convert -29a9b2 (base 12) to base 8.
-2535026
-1110011101111010 (base 2) to base 3
-10000021202
What is -2000200102220 (base 3) in base 7?
-12101655
What is 45098 (base 10) in base 8?
130052
114344304 (base 5) to base 3
1000121211012
Convert 302202232 (base 4) to base 10.
207022
-111986 (base 16) to base 11
-6a5a5a
Convert -25b24 (base 13) to base 8.
-210554
What is -325510155 (base 6) in base 13?
-12a7b04
Convert 10122022110 (base 3) to base 2.
10001011111110110
What is 12030124343 (base 5) in base 7?
226146334
Convert -1401553 (base 8) to base 2.
-1100000001101101011
Convert 2335353 (base 8) to base 5.
130401200
10405051 (base 7) to base 11
55a624
-619070 (base 14) to base 13
-8b274a
Convert -10005473 (base 8) to base 12.
-853363
99701a (base 15) to base 14
d85478
Convert 13a7531 (base 14) to base 4.
210122322013
What is 1e2eb (base 16) in base 3?
20021120210
Convert -2443232130 (base 5) to base 11.
-3327096
-24360323 (base 7) to base 11
-1260969
Convert -202411210 (base 5) to base 16.
-c99cd
-16027 (base 10) to base 9
-23877
What is 258858 (base 10) in base 8?
771452
Conv